{"id":8,"date":"2021-10-11T14:38:47","date_gmt":"2021-10-11T17:38:47","guid":{"rendered":"http:\/\/zhespecialistas.com\/?page_id=8"},"modified":"2025-09-24T12:28:43","modified_gmt":"2025-09-24T15:28:43","slug":"contato","status":"publish","type":"page","link":"https:\/\/zhespecialistas.com\/?page_id=8","title":{"rendered":"Contato"},"content":{"rendered":"\n<p>A <strong>ZH Solu\u00e7\u00f5es Especialistas<\/strong>, propriet\u00e1ria da marca <strong>4MDG<\/strong>, est\u00e1 \u00e0 disposi\u00e7\u00e3o para esclarecer d\u00favidas, receber sugest\u00f5es e apoiar voc\u00ea em suas necessidades.<\/p>\n\n\n\n<p>Entre em contato pelo e-mail: <strong><a>servicos@zhespecialistas.com<\/a><\/strong><\/p>\n","protected":false},"excerpt":{"rendered":"<p>A ZH Solu\u00e7\u00f5es Especialistas, propriet\u00e1ria da marca 4MDG, est\u00e1 \u00e0 disposi\u00e7\u00e3o para esclarecer d\u00favidas, receber sugest\u00f5es e apoiar voc\u00ea em suas necessidades. Entre em contato pelo e-mail: servicos@zhespecialistas.com<\/p>\n","protected":false},"author":1,"featured_media":0,"parent":0,"menu_order":0,"comment_status":"closed","ping_status":"closed","template":"","meta":{"om_disable_all_campaigns":false,"_monsterinsights_skip_tracking":false,"_monsterinsights_sitenote_active":false,"_monsterinsights_sitenote_note":"","_monsterinsights_sitenote_category":0,"footnotes":""},"class_list":["post-8","page","type-page","status-publish","hentry"],"blocksy_meta":{"styles_descriptor":{"styles":{"desktop":"","tablet":"","mobile":""},"google_fonts":[],"version":6}},"aioseo_notices":[],"_links":{"self":[{"href":"https:\/\/zhespecialistas.com\/index.php?rest_route=\/wp\/v2\/pages\/8","targetHints":{"allow":["GET"]}}],"collection":[{"href":"https:\/\/zhespecialistas.com\/index.php?rest_route=\/wp\/v2\/pages"}],"about":[{"href":"https:\/\/zhespecialistas.com\/index.php?rest_route=\/wp\/v2\/types\/page"}],"author":[{"embeddable":true,"href":"https:\/\/zhespecialistas.com\/index.php?rest_route=\/wp\/v2\/users\/1"}],"replies":[{"embeddable":true,"href":"https:\/\/zhespecialistas.com\/index.php?rest_route=%2Fwp%2Fv2%2Fcomments&post=8"}],"version-history":[{"count":2,"href":"https:\/\/zhespecialistas.com\/index.php?rest_route=\/wp\/v2\/pages\/8\/revisions"}],"predecessor-version":[{"id":41,"href":"https:\/\/zhespecialistas.com\/index.php?rest_route=\/wp\/v2\/pages\/8\/revisions\/41"}],"wp:attachment":[{"href":"https:\/\/zhespecialistas.com\/index.php?rest_route=%2Fwp%2Fv2%2Fmedia&parent=8"}],"curies":[{"name":"wp","href":"https:\/\/api.w.org\/{rel}","templated":true}]}}