{"id":6,"date":"2021-10-11T14:38:47","date_gmt":"2021-10-11T17:38:47","guid":{"rendered":"http:\/\/zhespecialistas.com\/?page_id=6"},"modified":"2025-09-24T12:21:23","modified_gmt":"2025-09-24T15:21:23","slug":"crie-seu-site-com-blocos","status":"publish","type":"page","link":"https:\/\/zhespecialistas.com\/","title":{"rendered":"ZH Solu\u00e7\u00f5es Especialistas"},"content":{"rendered":"<p><img loading=\"lazy\" decoding=\"async\" width=\"1024\" height=\"683\" src=\"http:\/\/zhespecialistas.com\/wp-content\/uploads\/2021\/10\/man-g7417c686c_1920-1024x683.jpg\" alt=\"\" loading=\"lazy\" srcset=\"http:\/\/zhespecialistas.com\/wp-content\/uploads\/2021\/10\/man-g7417c686c_1920-1024x683.jpg 1024w, http:\/\/zhespecialistas.com\/wp-content\/uploads\/2021\/10\/man-g7417c686c_1920-300x200.jpg 300w, http:\/\/zhespecialistas.com\/wp-content\/uploads\/2021\/10\/man-g7417c686c_1920-768x512.jpg 768w, http:\/\/zhespecialistas.com\/wp-content\/uploads\/2021\/10\/man-g7417c686c_1920-1536x1025.jpg 1536w, http:\/\/zhespecialistas.com\/wp-content\/uploads\/2021\/10\/man-g7417c686c_1920.jpg 1920w\" sizes=\"auto, (max-width: 1024px) 100vw, 1024px\">\t\t\t\t\t\t\t\t\t\t\t\t\t\t\t<\/p>\n<\/p>\n\n\n<p><\/p>\n\n\n\n<h2 class=\"wp-block-heading\">Tecnologia especializada para superar desafios\u2026<\/h2>\n\n\n\n<p>A <strong>ZH Solu\u00e7\u00f5es Especialistas<\/strong> \u00e9 a empresa propriet\u00e1ria da <strong><a href=\"http:\/\/www.4mdg.com.br\" title=\"\">4MDG<\/a><\/strong>, startup l\u00edder em solu\u00e7\u00f5es de <strong>Master Data Management (MDM)<\/strong> e <strong>Governan\u00e7a de Dados<\/strong> na Am\u00e9rica Latina. Fundada com a miss\u00e3o de unir tecnologia, inova\u00e7\u00e3o e conhecimento especializado, a ZH atua como <strong>holding estrat\u00e9gica<\/strong>, garantindo sustenta\u00e7\u00e3o, governan\u00e7a corporativa e vis\u00e3o de longo prazo para os neg\u00f3cios do grupo.<\/p>\n\n\n\n<p>Mais do que controlar participa\u00e7\u00f5es, a ZH Solu\u00e7\u00f5es Especialistas tem como prop\u00f3sito <strong>potencializar empresas que transformam dados em ativos de valor<\/strong>. A partir de sua estrutura s\u00f3lida e da experi\u00eancia de seus fundadores, a empresa d\u00e1 suporte estrat\u00e9gico, financeiro e administrativo \u00e0 <a href=\"http:\/\/www.4mdg.com.br\" title=\"\">4MDG<\/a>, permitindo que a startup mantenha o foco total em desenvolver tecnologias avan\u00e7adas, servi\u00e7os de BPO e iniciativas educacionais, como a <strong><a href=\"http:\/\/conteudo.4mdg.com.br\/academiademdm\" title=\"\">MDM Academy<\/a><\/strong>.<\/p>\n\n\n\n<p>Com esse modelo, a ZH assegura que a 4MDG possa crescer de forma sustent\u00e1vel, inovadora e alinhada \u00e0s necessidades de grandes corpora\u00e7\u00f5es, fortalecendo a posi\u00e7\u00e3o da companhia como refer\u00eancia em <strong>gest\u00e3o e governan\u00e7a de dados<\/strong> no Brasil e no exterior.<\/p>\n\n\n\n<p><strong>Nossa vis\u00e3o<\/strong><br>Ser reconhecida como a principal plataforma de sustenta\u00e7\u00e3o para empresas que lideram a transforma\u00e7\u00e3o digital por meio da gest\u00e3o inteligente de dados.<\/p>\n\n\n\n<p><strong>Nossa miss\u00e3o<\/strong><br>Oferecer suporte estrat\u00e9gico e estrutural para que neg\u00f3cios inovadores, como a 4MDG, possam escalar e gerar impacto positivo para clientes, colaboradores e para a sociedade.<\/p>\n\n\n\n<p><strong>Nossos valores<\/strong><\/p>\n\n\n\n<ul class=\"wp-block-list\">\n<li>Inova\u00e7\u00e3o com prop\u00f3sito<\/li>\n\n\n\n<li>Sustentabilidade e responsabilidade<\/li>\n\n\n\n<li>Excel\u00eancia em execu\u00e7\u00e3o<\/li>\n\n\n\n<li>Compromisso com pessoas e resultados<\/li>\n<\/ul>\n\n\n\n<div class=\"wp-block-column is-vertically-aligned-top is-layout-flow wp-block-column-is-layout-flow\">\n<p><\/p>\n<\/div>\n\n\n","protected":false},"excerpt":{"rendered":"<p>Tecnologia especializada para superar desafios\u2026 A ZH Solu\u00e7\u00f5es Especialistas \u00e9 a empresa propriet\u00e1ria da 4MDG, startup l\u00edder em solu\u00e7\u00f5es de Master Data Management (MDM) e Governan\u00e7a de Dados na Am\u00e9rica Latina. Fundada com a miss\u00e3o de unir tecnologia, inova\u00e7\u00e3o e conhecimento especializado, a ZH atua como holding estrat\u00e9gica, garantindo sustenta\u00e7\u00e3o, governan\u00e7a corporativa e vis\u00e3o de [&hellip;]<\/p>\n","protected":false},"author":1,"featured_media":0,"parent":0,"menu_order":0,"comment_status":"closed","ping_status":"closed","template":"","meta":{"om_disable_all_campaigns":false,"_monsterinsights_skip_tracking":false,"_monsterinsights_sitenote_active":false,"_monsterinsights_sitenote_note":"","_monsterinsights_sitenote_category":0,"footnotes":""},"class_list":["post-6","page","type-page","status-publish","hentry"],"blocksy_meta":{"styles_descriptor":{"styles":{"desktop":"","tablet":"","mobile":""},"google_fonts":[],"version":6}},"aioseo_notices":[],"_links":{"self":[{"href":"https:\/\/zhespecialistas.com\/index.php?rest_route=\/wp\/v2\/pages\/6","targetHints":{"allow":["GET"]}}],"collection":[{"href":"https:\/\/zhespecialistas.com\/index.php?rest_route=\/wp\/v2\/pages"}],"about":[{"href":"https:\/\/zhespecialistas.com\/index.php?rest_route=\/wp\/v2\/types\/page"}],"author":[{"embeddable":true,"href":"https:\/\/zhespecialistas.com\/index.php?rest_route=\/wp\/v2\/users\/1"}],"replies":[{"embeddable":true,"href":"https:\/\/zhespecialistas.com\/index.php?rest_route=%2Fwp%2Fv2%2Fcomments&post=6"}],"version-history":[{"count":7,"href":"https:\/\/zhespecialistas.com\/index.php?rest_route=\/wp\/v2\/pages\/6\/revisions"}],"predecessor-version":[{"id":37,"href":"https:\/\/zhespecialistas.com\/index.php?rest_route=\/wp\/v2\/pages\/6\/revisions\/37"}],"wp:attachment":[{"href":"https:\/\/zhespecialistas.com\/index.php?rest_route=%2Fwp%2Fv2%2Fmedia&parent=6"}],"curies":[{"name":"wp","href":"https:\/\/api.w.org\/{rel}","templated":true}]}}