{"id":3,"date":"2021-10-11T14:29:21","date_gmt":"2021-10-11T17:29:21","guid":{"rendered":"http:\/\/zhespecialistas.com\/?page_id=3"},"modified":"2025-09-24T12:24:46","modified_gmt":"2025-09-24T15:24:46","slug":"politica-de-privacidade","status":"publish","type":"page","link":"https:\/\/zhespecialistas.com\/?page_id=3","title":{"rendered":"Pol\u00edtica de privacidade"},"content":{"rendered":"\n<p>A <strong>ZH Solu\u00e7\u00f5es Especialistas<\/strong>, propriet\u00e1ria da marca <strong>4MDG<\/strong>, valoriza a transpar\u00eancia e a confian\u00e7a dos visitantes de seu site. Esta Pol\u00edtica de Privacidade tem como objetivo esclarecer como lidamos com informa\u00e7\u00f5es durante a sua navega\u00e7\u00e3o.<\/p>\n\n\n\n<h2 class=\"wp-block-heading\">Coleta de informa\u00e7\u00f5es<\/h2>\n\n\n\n<p>N\u00e3o coletamos, armazenamos ou processamos informa\u00e7\u00f5es pessoais identific\u00e1veis de nossos visitantes.<\/p>\n\n\n\n<h2 class=\"wp-block-heading\">Uso de cookies<\/h2>\n\n\n\n<p>Nosso site utiliza apenas <strong>cookies b\u00e1sicos<\/strong> para:<\/p>\n\n\n\n<ul class=\"wp-block-list\">\n<li>Melhorar a experi\u00eancia de navega\u00e7\u00e3o;<\/li>\n\n\n\n<li>Lembrar prefer\u00eancias simples de uso;<\/li>\n\n\n\n<li>Obter m\u00e9tricas an\u00f4nimas de acesso (como p\u00e1ginas visitadas e tempo de perman\u00eancia).<\/li>\n<\/ul>\n\n\n\n<p>Esses cookies n\u00e3o permitem identificar individualmente os visitantes.<\/p>\n\n\n\n<h2 class=\"wp-block-heading\">Compartilhamento de dados<\/h2>\n\n\n\n<p>N\u00e3o compartilhamos informa\u00e7\u00f5es com terceiros, nem utilizamos os cookies para fins de publicidade direcionada.<\/p>\n\n\n\n<h2 class=\"wp-block-heading\">Gerenciamento de cookies<\/h2>\n\n\n\n<p>Voc\u00ea pode, a qualquer momento, gerenciar ou desativar os cookies diretamente nas configura\u00e7\u00f5es do seu navegador. A desativa\u00e7\u00e3o pode impactar a experi\u00eancia de navega\u00e7\u00e3o no site.<\/p>\n\n\n\n<h2 class=\"wp-block-heading\">Altera\u00e7\u00f5es nesta pol\u00edtica<\/h2>\n\n\n\n<p>Podemos atualizar esta Pol\u00edtica de Privacidade periodicamente, sempre que houver ajustes necess\u00e1rios para atender a boas pr\u00e1ticas ou mudan\u00e7as legais. Recomendamos que consulte esta p\u00e1gina regularmente.<\/p>\n\n\n\n<h2 class=\"wp-block-heading\">Contato<\/h2>\n\n\n\n<p>Caso tenha d\u00favidas sobre esta Pol\u00edtica de Privacidade, entre em contato conosco pelo e-mail: <strong><a>servicos@zhespecialistas.com<\/a><\/strong><\/p>\n","protected":false},"excerpt":{"rendered":"<p>A ZH Solu\u00e7\u00f5es Especialistas, propriet\u00e1ria da marca 4MDG, valoriza a transpar\u00eancia e a confian\u00e7a dos visitantes de seu site. Esta Pol\u00edtica de Privacidade tem como objetivo esclarecer como lidamos com informa\u00e7\u00f5es durante a sua navega\u00e7\u00e3o. Coleta de informa\u00e7\u00f5es N\u00e3o coletamos, armazenamos ou processamos informa\u00e7\u00f5es pessoais identific\u00e1veis de nossos visitantes. Uso de cookies Nosso site utiliza [&hellip;]<\/p>\n","protected":false},"author":1,"featured_media":0,"parent":0,"menu_order":0,"comment_status":"closed","ping_status":"open","template":"","meta":{"om_disable_all_campaigns":false,"_monsterinsights_skip_tracking":false,"_monsterinsights_sitenote_active":false,"_monsterinsights_sitenote_note":"","_monsterinsights_sitenote_category":0,"footnotes":""},"class_list":["post-3","page","type-page","status-publish","hentry"],"blocksy_meta":[],"aioseo_notices":[],"_links":{"self":[{"href":"https:\/\/zhespecialistas.com\/index.php?rest_route=\/wp\/v2\/pages\/3","targetHints":{"allow":["GET"]}}],"collection":[{"href":"https:\/\/zhespecialistas.com\/index.php?rest_route=\/wp\/v2\/pages"}],"about":[{"href":"https:\/\/zhespecialistas.com\/index.php?rest_route=\/wp\/v2\/types\/page"}],"author":[{"embeddable":true,"href":"https:\/\/zhespecialistas.com\/index.php?rest_route=\/wp\/v2\/users\/1"}],"replies":[{"embeddable":true,"href":"https:\/\/zhespecialistas.com\/index.php?rest_route=%2Fwp%2Fv2%2Fcomments&post=3"}],"version-history":[{"count":1,"href":"https:\/\/zhespecialistas.com\/index.php?rest_route=\/wp\/v2\/pages\/3\/revisions"}],"predecessor-version":[{"id":38,"href":"https:\/\/zhespecialistas.com\/index.php?rest_route=\/wp\/v2\/pages\/3\/revisions\/38"}],"wp:attachment":[{"href":"https:\/\/zhespecialistas.com\/index.php?rest_route=%2Fwp%2Fv2%2Fmedia&parent=3"}],"curies":[{"name":"wp","href":"https:\/\/api.w.org\/{rel}","templated":true}]}}